. Suppose 0 = -3*s + 3*k + o, 3*k - 15 = 2*s - 57. List the prime factors of s.
3, 5
Suppose -19 = 5*l + 2*s, s = -4*l - 3*s - 8. Let n(j) = j**3 + 6*j**2 + 3*j - 3. What are the prime factors of n(l)?
7
Let o(x) = -x**2 - x - 4. Let k be o(0). Let b = -2 - k. List the prime factors of b.
2
Let p(b) = -b + 11. Let i be p(6). Suppose -i*o = -2*o. What are the prime factors of 4 - (0 + 2 + o)?
2
Let h = 14 - 9. Suppose -2*p - h = 3, 4*k = -3*p + 136. What are the prime factors of k?
37
Let i(w) = 2*w**2 + 2*w + 6. Let p be i(5). What are the prime factors of p/4 + (-1)/2?
2
Let g(o) = 76*o**2 + 2*o - 2. List the prime factors of g(1).
2, 19
Suppose d = 2*d - 64. List the prime factors of d.
2
Suppose 2*v = 3*y - 657, 4*v - 326 = -2*y + 96. What are the prime factors of y?
7, 31
Let a(c) = 16*c - 31. What are the prime factors of a(8)?
97
Let j be 6/33 - 53/(-11). Suppose -2*x + 4*x + j*t = 29, -t = -4*x + 47. What are the prime factors of x?
2, 3
Let o = 152 - 98. What are the prime factors of o?
2, 3
List the prime factors of (-1747)/(-7) - (-2 - 11/(-7)).
2, 5
Suppose -k - 2*k = -6. Let q(l) = -3*l**2 + 4*l**2 + l**2 - k*l. What are the prime factors of q(2)?
2
Let u(i) = -i**3 + 9*i**2 - 3*i + 9. Let d be u(9). Let q = -2 - d. List the prime factors of q.
2
Let j(w) = -w**2 + 4*w + 5. Suppose -17 = 3*k - 2, -5*h - k = -15. Let r be j(h). Suppose -3*t - 12 = -r*t. What are the prime factors of t?
2, 3
List the prime factors of 130/78 + (-4)/(-3) + -1.
2
Suppose -5*h - 6*f + 2*f = -186, -3*h + 106 = f. List the prime factors of h.
2, 17
Let v be ((-1)/(-3))/((-5)/60). Let w(p) = -5*p + 4. List the prime factors of w(v).
2, 3
Suppose 112 - 12 = 4*k. Suppose 8*p + k = 3*p. Let q(y) = -2*y - 4. List the prime factors of q(p).
2, 3
Let d(n) be the second derivative of n**5/20 - 5*n**4/12 - n**3/2 - 5*n**2/2 + 8*n. Suppose -2 = -2*r + 10. What are the prime factors of d(r)?
13
Let i = 56 + -39. Suppose -5*o - 42 + i = 0. List the prime factors of (-14)/(-35) - 43/o.
3
Suppose 0 = z + 4*u + 27, -27 = z + 3*u - 5. Let s(k) = -k + 1. List the prime factors of s(z).
2
Let i(q) = -3*q**2 + 5*q - 9. Let n(o) = 2*o**2 - 3*o + 5. Let w(y) = -3*i(y) - 5*n(y). Let b be w(-2). List the prime factors of (b/4)/((-2)/20).
5
Suppose 0 = 2*z - 9 - 41. What are the prime factors of z?
5
Let k(i) = -4*i + 9. Let q = 3 - 11. What are the prime factors of k(q)?
41
Let t = -6 - -8. What are the prime factors of ((-15)/(6/t))/(-1)?
5
Let j(o) = 3*o + 3. Let n(f) = -4*f - 4. Let m(z) = 5*j(z) + 4*n(z). What are the prime factors of m(-7)?
2, 3
Suppose d = 204 + 85. List the prime factors of d.
17
Suppose 0 = m + 5 - 18. List the prime factors of m.
13
Suppose 0*d + d = -4. Let v be (d - 4)*2/(-4). Suppose 0 = -v*u + 44 - 12. List the prime factors of u.
2
Let u be (-28)/(-36) - 4/(-18). Let x = -6 + 11. List the prime factors of (1 - u/x)*5.
2
Let t be ((-15)/(-10))/((-2)/(-4)). Suppose 0 = -p + t*p. Suppose j - 15 = -p*j. List the prime factors of j.
3, 5
Let z(p) = -p**2 - 6*p - 5. Let g be z(-5). Suppose 0*a + a - 4 = g. Let h = a - -2. List the prime factors of h.
2, 3
Let q(o) = -o**2 + 6*o + 8. Let u(g) = -6*g + 1. Let t be u(-1). Let r be q(t). Let w(h) = 4*h**3 - h**2 + h. What are the prime factors of w(r)?
2
Let g = 243 + -156. List the prime factors of g.
3, 29
Suppose 3*c = 3*n - 63, -2*n + 25 = 2*c - 9. What are the prime factors of n?
19
Suppose 0 = -3*a - 5*g + 51, -5*a + 0*a - 3*g + 101 = 0. What are the prime factors of a?
2, 11
Suppose -u - 2*p = -64, 5*p = -5*u - 0*p + 320. List the prime factors of u.
2
Let l = -121 + 201. List the prime factors of l.
2, 5
List the prime factors of 434/(-4)*(-4)/7.
2, 31
Let a = 166 + -65. List the prime factors of a.
101
Suppose 2*u - 6*u + 128 = 0. Suppose -3*c + 5*c = u. Suppose r - 15 = 4*x, 2*r + 0*x - c = x. List the prime factors of r.
7
Let h(g) = g + 1. Let s(b) = -b - 1. Let x(c) = -2*h(c) - 3*s(c). Let z(p) = 2*p + 15. Let u(f) = 4*x(f) - z(f). List the prime factors of u(9).
7
Let m(p) = -2*p**3 - 3*p**2 - 3*p - 3. Let u(c) = c**3 + c**2 - c - 2. Let i be u(0). What are the prime factors of m(i)?
7
Suppose 3*c - c - 8 = 0. Suppose 3*s = 3*l + 69, c*l - 2*l + 124 = 5*s. List the prime factors of s.
2, 13
Let b be (-6)/21 - (-24)/(-14). Let w(f) = -4*f**3 + 3*f**2 + 4*f - 2. List the prime factors of w(b).
2, 17
Let q(b) = -2*b**2 - 11*b - 6. Let w be q(-7). What are the prime factors of (3 - w*1) + 1?
31
Let u be (-1316)/21 + 2/(-6). Let g be (-4)/(24/u)*-2. What are the prime factors of (g - -5)*(-2)/4?
2
Let q = 2 - 2. Suppose q = 5*a - 44 + 14. What are the prime factors of a?
2, 3
Let s(i) = i**3 - 5*i**2 - 5*i - 8. Let t be s(6). Let q be (t - 4)*-3 - 2. Suppose -60 = -5*c + d, -q + 0 = -c + d. List the prime factors of c.
11
Suppose -2*x + 4*x + 5*v = -21, -5*x + 5*v = -35. Let c be (4/(-6))/(x/(-6)). List the prime factors of 61/9 - c/(-9).
7
Let a(y) be the first derivative of -y**2 - 5*y - 6. List the prime factors of a(-13).
3, 7
Let h(m) = -m**2 + 6*m + 4. Let x be h(6). What are the prime factors of (-2)/x*(-280)/7?
2, 5
Suppose 4*m + 2*m - 1344 = 0. List the prime factors of m.
2, 7
Suppose -l - 72 = -3*q, 3 = -2*l + l. Let d = -9 + q. List the prime factors of d.
2, 7
Let k(f) = 3. Let y(w) = w. Let s(m) = -k(m) + 4*y(m). List the prime factors of s(3).
3
Let q = 3 + -3. Suppose q = w - 3*w + 12. What are the prime factors of w?
2, 3
Let i(s) be the second derivative of -s**4/12 + 2*s**3/3 - 3*s. List the prime factors of i(3).
3
Let o be 1/2 - 2/(-4). Suppose f - o = -22. Let p = -13 - f. What are the prime factors of p?
2
What are the prime factors of (194*(2 - 1))/2*2?
2, 97
Let u(i) = 10*i**2 + 4*i + 1. Let t(y) = 19*y**2 + 9*y + 3. Let a(p) = -2*t(p) + 5*u(p). What are the prime factors of a(1)?
13
What are the prime factors of 10*(51/2 - 1)?
5, 7
Suppose 0 = 3*c - n - 3*n - 125, -5*n = -c + 27. Let m = -27 + c. What are the prime factors of m?
2, 5
Let j(k) = k**3 - 9*k**2 + 8*k - 4. Let b be j(8). Let o = b - -12. List the prime factors of o.
2
Let z = -3 + 2. Let l = z - -12. What are the prime factors of l?
11
List the prime factors of 2093/21 - (-2 - 5/(-3)).
2, 5
Suppose 60 = 6*u - u. What are the prime factors of u/(-18)*(-42)/2?
2, 7
Suppose 67 = 4*r - 3*g, 5*g = 4*r - r - 53. Suppose -4*q - 4 = -r. What are the prime factors of q?
3
Let y be 20 - (3 - 3)/(-2). What are the prime factors of y/6 - (-2)/3?
2
Let a be 2 - 74/2*-1. Suppose -2*u + 0*u - 5*f = 0, -6 = -2*u - 2*f. Suppose -37 = -u*y - r, r = 5*y + 3*r - a. What are the prime factors of y?
7
Let u(x) = x + 4. Let b be u(-3). Let t be 4 - (b + (-2 - 2)). Let p = t - -9. What are the prime factors of p?
2
Let z = -12 + 4. Let d(i) = -i**3 - 9*i**2 - 7*i + 8. Let b be d(z). Suppose -3*o = b, 2*f - o - 16 = o. List the prime factors of f.
2
Let q(s) = -s - 3. List the prime factors of q(-8).
5
What are the prime factors of (3/2)/(2/44)?
3, 11
Let i be (-23)/(-7) + (-4)/14. Suppose 9 = i*q - 3. Suppose q*x - 2*x - 6 = 0. List the prime factors of x.
3
Suppose 0*o + 110 = 5*o. What are the prime factors of o?
2, 11
Let z = -35 + 59. Let a(g) = -g**3 + 7*g**2 + 3*g - 33. Let b be a(7). Let d = b + z. List the prime factors of d.
2, 3
Let b(g) = g**3 + 6*g**2. Let s be b(-5). Suppose -3*n + 54 = h + 10, s = 5*n. List the prime factors of h.
29
Suppose 2*c - 50 = -3*c. List the prime factors of c.
2, 5
Let f(g) = -6*g**3 - 3*g**2 - 4*g - 5. What are the prime factors of f(-2)?
3, 13
Let v be (-4)/12 - (-316)/(-6). Let n = 83 + v. What are the prime factors of (1 + 0)/(5/n)?
2, 3
Let d(c) = 18*c + 2. What are the prime factors of d(1)?
2, 5
Let v = 62 + -13. What are the prime factors of v?
7
Suppose 3*j - 20 = -2*j. Suppose o = j*o - 36. What are the prime factors of o?
2, 3
List the prime factors of 4/1 + 20 + -4.
2, 5
Suppose -r = -4*k - k - 122, -4*r + 5*k = -488. Suppose 4*a = -38 + r. Suppose 21 = 3*w + 2*l, w = -2*w - 4*l + a. What are the prime factors of w?
7
Let r = 33 - -77. What are the prime factors of r?
2, 5, 11
Let w(y) = 2*y + 2. Let j be w(-5). Suppose -2*b = 3*b + 110. Let s = j - b. What are the prime factors of s?
2, 7
Let f = 6 + -1. Suppose 0 = 5*a + 3*v - 207, 0 = f*a - 6*v + 3*v - 183. What are the prim